, -4*z + 22*v = 24*v + 8. Suppose -4*a + 3*s + 2272 = z, -5*s + 8*s - 1136 = -2*a. What is the units digit of a?
8
Let z = 30 + -28. Suppose -z*c + 123 = -105. Suppose -120 - c = -3*o. What is the units digit of o?
8
Suppose -20*k = -6*k - 6804. Suppose -611 - k = -b. What is the hundreds digit of b?
0
Let t(f) = -56*f**2 - 2*f - 3. Let c be t(3). Let u = 702 + c. What is the hundreds digit of u?
1
Let r be ((-32)/(-10))/((-4)/1060). Let j = r + 1559. What is the units digit of j?
1
Let b(m) = -14*m - 120. Let o be 32/3 - 5/(-15). Let q(i) = 3*i + 24. Let s(y) = o*q(y) + 2*b(y). What is the tens digit of s(25)?
4
Let j(o) = -o**2 - 41*o - 214. Let l be j(-6). What is the units digit of l/(-26) - 181125/(-195)?
9
Let w(b) = 65*b**2 - 40*b - 261. What is the units digit of w(-6)?
9
Let l = -5 + 5. Let w be (-1220)/(-4) - 45/(-9). Suppose l*o - 5*m + 130 = 2*o, -5*o + w = 5*m. What is the tens digit of o?
6
Let a(o) be the first derivative of -4*o**3 - o**2/2 - 5*o + 27. Let t(f) = -49*f**2 - 3*f - 20. Let b(q) = -9*a(q) + 2*t(q). What is the units digit of b(3)?
4
Let o = 1274 + -2410. Let z = -742 - o. What is the hundreds digit of z?
3
Suppose 3*v - 84 = -90, -2*v - 428 = -2*a. What is the tens digit of a?
1
Suppose -2*h - 3*t = 9, -h = 3*h + 5*t + 17. Let c be 0 - 4*1305/h. Suppose -4*n = -16*n + c. What is the tens digit of n?
4
Let c be 2*(6 - 3)*28/(-6). Let b = -16 + c. Let h = 52 + b. What is the units digit of h?
8
What is the ten thousands digit of (1/((-5)/(-4059)))/(6/90)?
1
Let p(a) = -a**3 - 9*a**2 + 2*a - 10. Let y(w) = w**3 + 14*w**2 + 11*w + 4. Let m be y(-13). Suppose 4*z - z + m = 0. What is the units digit of p(z)?
0
Let u = 1660 + -1149. Suppose -2789 = -2*x - u. What is the tens digit of x?
3
Suppose 73*a - 121*a - 1316277 = -75*a. What is the hundreds digit of a?
7
Let u be (-27)/12 + 3 - (-10)/8. Suppose -u*t - 12*t = -15610. What is the thousands digit of t?
1
Suppose -5*g = 11 - 41. Let x(l) = 13*l**2 - 17*l + 18. Let d(v) = 6*v**2 - 8*v + 9. Let j(z) = 9*d(z) - 4*x(z). What is the tens digit of j(g)?
5
Let d be -95 + (-3 - 1) + -2 + 9. Let p = 96 + d. Suppose -2*a + p*i + 388 = 0, -952 = -5*a + i - 0*i. What is the units digit of a?
0
Suppose -5*j + 1983 + 60254 = 3*p, 0 = -2*p - 3*j + 41491. What is the tens digit of p/23 - (-14)/161?
0
What is the hundreds digit of ((-1505)/430 - (-22)/12) + (-36953)/(-3)?
3
Let g = 23 - 9. Let v(t) = -t**2 + 14*t + 8. Let i be v(g). Suppose i*h - 447 = 569. What is the hundreds digit of h?
1
Let u be 3 + -1 + -4 + -11. Let k = u - -17. Suppose k*z = -4*z + 224. What is the units digit of z?
8
Suppose 0 = 13*t + 79091 - 302366. What is the thousands digit of t?
7
Suppose -3*i + 12 + 0 = 0, -388 = -4*x - 2*i. Suppose -16 = -r + x. What is the units digit of r?
1
Suppose 2*h - 4*h = -8. Suppose -3 + h = -a. What is the units digit of (1 + a)/6 + 25 + -1?
4
Suppose 204*t + 107*t = -58*t + 28809675. What is the tens digit of t?
7
Suppose -49*n + 53*n = -8. What is the tens digit of 25/n*(-270)/225?
1
Let i be (-183 - 10/(-2))/(-2). Suppose 3*s - i = -3*q + 715, -3*s - 260 = -q. What is the hundreds digit of q?
2
Suppose 37*k - 31*k - 78 = 0. Suppose 7*l + 336 = k*l. What is the units digit of l?
6
Let z(n) = -3512*n - 11. Let j be z(2). Let t be (j/(-60) - 3/(-4)) + 2. Suppose -14*q - t = -17*q. What is the tens digit of q?
4
Let s(i) = 13*i**2 - 9*i + 8. Let c be s(-7). Suppose c = 5*h + y - 1887, -y + 1555 = 3*h. What is the units digit of h?
0
Let x = -22 + 37. Let z = 18 - x. Let c = 18 - z. What is the tens digit of c?
1
Let f(q) = 4 - 4 + 4 + 54*q - 2. Let n be f(1). Let a = n - -15. What is the units digit of a?
1
Suppose 90577 + 173893 = 265*t. What is the units digit of t?
8
Let h(u) = -3993*u**3 - u**2 - 20*u - 41. What is the units digit of h(-2)?
9
Let m = -311 - -874. What is the hundreds digit of m?
5
What is the hundreds digit of (-4)/5*(125805/(-6) + -5)?
7
Suppose 0 = -3*c + 4*q + 17914 + 5339, -4*c + 2*q + 31024 = 0. What is the thousands digit of c?
7
Let p(o) = o**2 + 9*o - 2. Let d be p(-9). Suppose 0 = -44*b - 352 - 44. What is the units digit of d/b - (-4740)/54?
8
Let a(r) = -13562*r + 96. What is the thousands digit of a(-1)?
3
Let p(b) = 313*b**2 - 67*b - 338. What is the hundreds digit of p(-5)?
8
Let k = 58 + -43. Suppose -m + k + 5 = 0. Suppose -5*j + m = 0, -j = 3*l + 3 - 67. What is the units digit of l?
0
Suppose -30583 = -37*w + 20*w. What is the tens digit of w?
9
Suppose 0 = -2*n + o + 10569, -2*n + 10961 = -4*o + 413. What is the tens digit of n?
8
Suppose -19*j + 21*j = 4*p - 10352, 4*p + 4*j - 10352 = 0. What is the thousands digit of p?
2
Suppose -2*m + 1245 = -a, a + 1245 = -0*a - 3*m. Let c = a - -2100. What is the tens digit of c?
5
Let q(a) = 3*a**2 + 3*a - 1. Let f(h) be the third derivative of -h**5/60 - h**4/4 + h**3/2 + 15*h**2. Let l be f(-6). What is the tens digit of q(l)?
3
Suppose 5*x - g = -107, 1 - 7 = -3*g. Let o = -17 - x. Suppose z + o*d - d = 131, -5*d = 2*z - 266. What is the hundreds digit of z?
1
Let h(r) = 3*r + 33. Let d be h(-4). Suppose 4*a = -8, 395 = k - 2*a + d. What is the tens digit of k?
7
Suppose 8*x - 5*a = 3*x + 2475, 0 = 2*x - 4*a - 988. Let l = x - 322. What is the tens digit of l?
7
Let t(u) = -166*u + 11904. What is the ten thousands digit of t(0)?
1
Let t(s) = 2*s. Let f(u) = -25*u - 10. Let l(d) = -2*f(d) - 22*t(d). Let z be l(13). Suppose z - 260 = -2*v. What is the tens digit of v?
8
Suppose 4*l = -w + 548, -5*w + 0*l + 2668 = 2*l. Let q = -231 + w. What is the hundreds digit of q?
3
Let b = 1306 + 211. What is the units digit of b?
7
Let x = -6447 - -13519. What is the thousands digit of x?
7
Let n(w) be the third derivative of w**4/3 + 59*w**3/6 - 105*w**2. What is the tens digit of n(-3)?
3
Let v(g) = 490*g + 272*g + 15 + 146*g. What is the units digit of v(2)?
1
What is the hundreds digit of 4/7 + 27/(-84) + (-4384421)/(-76)?
6
Let g be (-11 - (-355)/35)*140/(-2). What is the hundreds digit of 2582/4*(-58 + g)?
2
Let q be 4/2*140/(-40). What is the units digit of q/(-21) + 196/6?
3
Suppose 0 = p + 5 - 25. Suppose -4*z + 2*u - u = -15, 2*z + u - 9 = 0. Let r = p - z. What is the tens digit of r?
1
Suppose 15 = 3*p - 5*t, -14*p = -11*p + 3*t - 15. Suppose p*f - 4014 = -f. What is the units digit of f?
9
Suppose -4*p + 57041 = -k, 4*k - 24137 + 95452 = 5*p. Suppose 40*g + p = 47*g. What is the hundreds digit of g?
0
Suppose -2*j = -2*k + 31062 - 54, 2*j + 46520 = 3*k. What is the hundreds digit of k?
5
Let s = -4759 + 466. What is the tens digit of (s/5)/(-3) - 18/90?
8
Suppose 5*h = -5*s - 0*s + 5, -3*h = 5*s - 11. Suppose -1178 = -5*y + 2*y - 5*r, s*r - 16 = 0. What is the units digit of y?
6
Let n(t) = 28*t**2 - t + 578. What is the hundreds digit of n(-27)?
0
Suppose -4*f + 85 = 3*n, -4*f + 4*n + 15 = -49. Suppose 0 = 9*k + k - 170. Suppose 20*d = f*d + k. What is the units digit of d?
7
Let j(o) = -2*o + 22. Let l be j(7). Let d(w) = w - 5. Let b be d(l). Suppose m + 11 = r + 3*r, -b*r - 13 = -5*m. What is the units digit of m?
5
Suppose 4*i + 5*h = 28952, 0 = -14*i + 10*i - 4*h + 28948. What is the hundreds digit of i?
2
Suppose 15*k + 28818 - 118352 = 71251. What is the ten thousands digit of k?
1
Let t be 8/28 - (-131)/7. Let l = 6 - 6. Suppose l = -2*c + 7 + t. What is the tens digit of c?
1
Suppose 9131 = p - r, -108*p + 113*p + 4*r - 45610 = 0. What is the thousands digit of p?
9
Let i(t) = -207*t**3 + 15*t**2 + 10*t - 20. Let d(f) = -311*f**3 + 23*f**2 + 15*f - 30. Let n(y) = 5*d(y) - 8*i(y). What is the tens digit of n(2)?
8
Let d be ((-80)/(-24))/((-2)/(-15)). Let c(k) = 24*k - 4 - 46*k - d*k. What is the tens digit of c(-1)?
4
Let a = -126 - -130. What is the tens digit of (1271 - (9 - a)) + -4?
6
Suppose 3*f = 3, 2*c - 4*f = 3*c - 909. Suppose 2*h + 2*z + 33 - 635 = 0, -3*h - 2*z + c = 0. What is the tens digit of h?
0
Suppose -9*n - 48*n + 104463 = -373140. What is the hundreds digit of n?
3
Let b = -4 + 7. Let a be (1 - b) + -15 + -1. What is the units digit of (1 - -1)/(-4)*a?
9
Let h = 61 + 37. Suppose 4*d + 3*l + 274 = 5*l, -3*l = 2*d + 133. Let j = h + d. What is the units digit of j?
0
Let l be (3 - (1 + 0 + -3)) + 34. Suppose -33*a - 1962 = -l*a. What is the units digit of a?
7